{"id":5226,"date":"2019-01-24T21:08:55","date_gmt":"2019-01-24T20:08:55","guid":{"rendered":"https:\/\/www.abiprofessional.it\/?page_id=5226"},"modified":"2019-01-24T21:08:55","modified_gmt":"2019-01-24T20:08:55","slug":"programma-concorso-nazionale-2019","status":"publish","type":"page","link":"https:\/\/www.abiprofessional.it\/index.php\/programma-concorso-nazionale-2019\/","title":{"rendered":"Programma Concorso Nazionale 2019"},"content":{"rendered":"<p>Programma Concorso Nazionale A.B.I. Professional<\/p>\n<p>Gubbio \u2013 Park Hotel Cappuccini<\/p>\n<p>31 marzo \u2013 1\/2\/3 aprile 2019<\/p>\n<p>&nbsp;<\/p>\n<p>Domenica 31 marzo 2019<\/p>\n<p>&nbsp;<\/p>\n<ul>\n<li>Entro le ore 14:00 Arrivo dei delegati e concorrenti e sistemazione nelle<\/li>\n<li>Ore 16:00\/17:00 Master Anonima Distilleria di Gubbio \u201cGin &amp; botanicals\u201d nella sala \u201cTavole Eugubine\u201d<\/li>\n<li>Ore 17:30 \/ 19:30 Esposizione prodotti degli Sponsor con info e degustazioni \u201cSala SanNicola\u201d.<\/li>\n<li>Ore 19:30 \/20:30 Brindisi con degustazione pizze di \u201cPizzicata good in Food\u201d.<\/li>\n<li>Ore 20:30 Cena nella &#8220;Sala dei Mondiali\u201d<\/li>\n<li>Il post cena si svolger\u00e0 presso il \u201cBar delle Nozze\u201d\u00a0 del Park Hotel<\/li>\n<li><strong>B. cambio di un\u2019ora avanti. <\/strong><\/li>\n<\/ul>\n<p>&nbsp;<\/p>\n<p>Luned\u00ec\u00a0 01 aprile 2019<\/p>\n<p>&nbsp;<\/p>\n<ul>\n<li>Ore 07:30\/09:00 colazione nella \u201cSala\u00a0 Montefeltro\u201d.<\/li>\n<li>Ore 09:00 \/ 11:00 Tour di Gubbio con trenino panoramico (su prenotazione\u00a0 al\u00a0 desk B.I. Professional nella hall dell\u2019Hotel per 60 persone)<\/li>\n<li>Ore 11:00\/12:00 Master \u201cSala Tavole Eugubine\u201d.<\/li>\n<li>Ore 12:00\/13:00 Master Varnelli con Fabio Bacchi \u201cSala Capogrossi\u201d.<\/li>\n<li>Ore 11:00\/13:00 Esposizione prodotti degli sponsor con info e degustazioni \u201cSala\u00a0\u00a0 San Nicola\u201d.<\/li>\n<li>Ore 13:00\/14:30 Lunch nella \u201cSala dei\u00a0 Mondiali\u201d.<\/li>\n<li>Ore 15:00\/18:00 Assemblea Nazionale nella \u201cSala Capogrossi\u201d.<\/li>\n<li>Ore 18:30 dal parcheggio dell\u2019Hotel transfert in pullman per le Anonima Distillerie\u00a0\u00a0\u00a0\u00a0\u00a0\u00a0\u00a0 dove si svolger\u00e0 una\u00a0\u00a0 visita con aperitivo.<\/li>\n<li>Ore 20:30 rientro in hotel.<\/li>\n<li>Ore 21:00\u00a0 Cena nella \u201cSala dei Mondiali\u201d<\/li>\n<li>Nel post cena ci si sposta nel \u201cBar delle Nozze\u201d dell\u2019Hotel per una serata in musica\u00a0\u00a0\u00a0\u00a0\u00a0\u00a0\u00a0 Swing\u00a0 e cocktail bar\u00a0\u00a0\u00a0\u00a0 curato da Barmen Abi Professional.<\/li>\n<li>Ore 23:00 nella \u201cSala Capogrossi\u201d riunione dei Coordinatori e Consiglio.<\/li>\n<\/ul>\n<p>&nbsp;<\/p>\n<p>Marted\u00ec 02 aprile 2019<\/p>\n<ul>\n<li>Ore 07:30 \/10:30\u00a0 \u00a0colazione nella \u201cSala\u00a0 Montefeltro\u201d.<\/li>\n<li>Ore 09:30\/13:00\u00a0 \u00a0 riunione Comitato Esecutivo\u00a0 nella \u201cSala Corporazioni WS1\u201d.<\/li>\n<li>Ore 10:30\/12:30\u00a0 \u00a0 \u00a0Esposizione prodotti\u00a0\u00a0 degli sponsor con info e degustazioni \u201cSala\u00a0 San Nicola\u201d.<\/li>\n<li>Ore 13:00\u00a0 \u00a0 \u00a0 \u00a0 \u00a0 \u00a0 \u00a0 \u00a0 \u00a0Lunch\u00a0 nella \u201cSala dei Mondiali\u201d.<\/li>\n<li>Ore 14:30\/16:30\u00a0 \u00a0 \u00a0inizio concorso <strong>Finale Nazionale <\/strong><strong>B.I. Professional<\/strong> \u201cSala San Nicola\u201d.<\/li>\n<li>Ore 16:30\/18:30\u00a0 \u00a0 \u00a0inizio <strong>Concorso \u201cArazzo\u201d<\/strong> aperto a tutti i soci e non soci, operatori del<\/li>\n<li>Ore 19:00\/20:00\u00a0 \u00a0Premiazioni<\/li>\n<li>Ore 20:00\/20:30\u00a0 \u00a0Aperitivo<\/li>\n<li>Ore 20:30\u00a0 \u00a0 \u00a0 \u00a0 \u00a0 \u00a0 \u00a0 \u00a0 Gala dinner<\/li>\n<\/ul>\n<p>Post cena di Gala presso il \u201cBar delle Nozze\u201d dell\u2019hotel.<\/p>\n<p>&nbsp;<\/p>\n<p>Mercoled\u00ec 03 aprile 2019<\/p>\n<p>&nbsp;<\/p>\n<ul>\n<li>Ore 07:30\/10:30\u00a0\u00a0\u00a0 colazione nella \u201cSala Montefeltro\u201d.<\/li>\n<li>Rientro alle proprie sedi.<\/li>\n<\/ul>\n<p>&nbsp;<\/p>\n<p><em>\u00a0\u00a0\u00a0\u00a0\u00a0\u00a0\u00a0\u00a0\u00a0\u00a0\u00a0\u00a0\u00a0\u00a0\u00a0 <\/em><\/p>\n<p><em>\u00a0\u00a0\u00a0\u00a0\u00a0\u00a0\u00a0\u00a0\u00a0\u00a0\u00a0\u00a0\u00a0\u00a0\u00a0 <\/em><\/p>\n<p>Note:\u00a0\u00a0 tutti verranno sistemati in camere doppie, nel caso si facesse richiesta di stanza\u00a0 singola, il supplemento \u00e8 a carico di\u00a0\u00a0 chi ne\u00a0 fa richiesta.<\/p>\n<p>Gli ospiti avranno al prezzo di \u20ac 360,00 (per la camera doppia) e di \u20ac 450,00 per\u00a0 la camera singola il pacchetto completo che include;<\/p>\n<p>Trattamento di pensione completa con pernottamento nei giorni 31 Marzo 2019 e 1\u20132 Aprile\u00a0 2019, potranno inoltre usufruire di tutte le attivit\u00e0 previste da programma, oltre che di\u00a0\u00a0\u00a0\u00a0\u00a0\u00a0\u00a0\u00a0\u00a0\u00a0 libero accesso alla piscina delle acque emozionali della SPA dell\u2019hotel, vasca baby, area idromassaggio, palestra con area cardio-fitness e power-training, parcheggio e garage fino ad esaurimento posti.<\/p>\n<p>&nbsp;<\/p>\n<p>&nbsp;<\/p>\n<p>&nbsp;<\/p>\n<p>&nbsp;<\/p>\n<p>&nbsp;<\/p>\n<p>COME RAGGIUNGERE LA SEDE DEL CONVEGNO NAZIONALE 2019 ABI PROFESSIONAL\u00a0\u00a0\u00a0\u00a0\u00a0\u00a0 GUBBIO 31MARZO-1-2-3 APRILE 2019<\/p>\n<p>Via Tifernate, 65, 06024 Gubbio PG\u00a0\u00a0 &#8211; Tel. +39 075 9234<\/p>\n<p>&nbsp;<\/p>\n<p>Il <strong>Park\u00a0 Hotel ai Cappuccini <\/strong>si trova a Gubbio, immerso in\u00a0 un bellissimo\u00a0 parco,\u00a0 a poche centinaia\u00a0\u00a0\u00a0\u00a0\u00a0\u00a0 di metri dal centro storico.<\/p>\n<p>La citt\u00e0 di <strong>Gubbio <\/strong>\u00e8 situata in <strong>Umbria<\/strong>, quasi al confine con le Marche, a\u00a0 500m di altitudine,\u00a0\u00a0\u00a0\u00a0 in provincia di\u00a0\u00a0\u00a0\u00a0 Perugia, da cui dista 40 Km.\u00a0\u00a0 Il Comune ha un\u2019estensione\u00a0\u00a0 di 525kmq e conta\u00a0\u00a0\u00a0\u00a0\u00a0 circa 32.000 abitanti,\u00a0\u00a0\u00a0\u00a0\u00a0\u00a0\u00a0\u00a0\u00a0 di cui circa 14.000 risiedono\u00a0 nel nucleo cittadino.\u00a0\u00a0 Da Gubbio sono facilmente raggiungibili le pi\u00f9 note localit\u00e0 dell\u2019Umbria e delle limitrofe Toscana e\u00a0\u00a0\u00a0\u00a0\u00a0\u00a0\u00a0\u00a0 Marche.<\/p>\n<p><strong>Coordinate GPS:<\/strong> Latitudine\u00a0\u00a0 43.35642 Nord\u00a0\u00a0\u00a0\u00a0\u00a0\u00a0\u00a0\u00a0\u00a0\u00a0 | Longitudine\u00a0 12.56665 Est<\/p>\n<p>&nbsp;<\/p>\n<h1>Come raggiungerci<\/h1>\n<h2>In Automobile<\/h2>\n<p>La citt\u00e0 di Gubbio \u00e8 situata in Umbria, quasi al confine con le Marche, ed \u00e8 facilmente \u00a0 raggiungibile per chi viaggia in auto<\/p>\n<p><strong>Chi proviene da nord:<\/strong><\/p>\n<p>1)\u00a0\u00a0\u00a0\u00a0\u00a0\u00a0\u00a0\u00a0 Dal versante adriatico, Gubbio \u00e8 raggiungibile uscendo dall\u2019autostrada\u00a0\u00a0\u00a0 A14 a Fano\u00a0\u00a0\u00a0\u00a0\u00a0 (itinerario consigliabile) e proseguendo in direzione Roma\u00a0\u00a0\u00a0\u00a0\u00a0 (78 Km.) oppure uscendo a\u00a0\u00a0\u00a0 Cesena Nord proseguendo sulla superstrada E45 sino all\u2019uscita Gubbio e\u00a0\u00a0\u00a0\u00a0\u00a0\u00a0\u00a0\u00a0\u00a0\u00a0 poi sulla\u00a0\u00a0\u00a0\u00a0\u00a0\u00a0\u00a0\u00a0\u00a0 statale per circa 25 Km.<\/p>\n<p>2)\u00a0\u00a0\u00a0\u00a0\u00a0\u00a0\u00a0\u00a0 Dal versante tirrenico (itinerario consigliabile solo\u00a0 per chi proviene da Toscana\u00a0 e\u00a0\u00a0\u00a0\u00a0\u00a0\u00a0\u00a0\u00a0\u00a0 Liguria), dopo\u00a0\u00a0\u00a0 aver lasciato l\u2019autostrada A1 al casello di Valdichiana (non Arezzo)\u00a0\u00a0\u00a0\u00a0\u00a0\u00a0\u00a0\u00a0\u00a0\u00a0 dirigersi verso Perugia sul raccordo\u00a0\u00a0 autostradale e poi sulla superstrada E45.\u00a0\u00a0\u00a0\u00a0 Oltrepassata la citt\u00e0,\u00a0 proseguire sulla superstrada\u00a0\u00a0\u00a0 E45 in direzione Cesena e prendere\u00a0 la\u00a0\u00a0\u00a0\u00a0\u00a0\u00a0\u00a0\u00a0 <strong>nuova uscita\u00a0 per Ancona<\/strong> (35km- itinerario consigliabile)\u00a0 oppure\u00a0\u00a0\u00a0\u00a0\u00a0\u00a0\u00a0\u00a0\u00a0\u00a0\u00a0 le successive per \u00a0\u00a0\u00a0\u00a0\u00a0\u00a0 Bosco\u00a0\u00a0 (28km.) o per\u00a0 Umbertide-Gubbio (25Km).<\/p>\n<p><strong>Chi proviene da sud:<\/strong><\/p>\n<ul>\n<li>Dal versante tirrenico, dopo aver lasciato l\u2019autostrada A1 al casello di Orte, dirigersi \u00a0\u00a0\u00a0 verso\u00a0\u00a0\u00a0\u00a0\u00a0\u00a0\u00a0\u00a0\u00a0\u00a0\u00a0 Perugia-Cesena (superstrada E45). Superata Perugia proseguire in direzione\u00a0\u00a0\u00a0\u00a0\u00a0\u00a0\u00a0 Cesena e prendere la\u00a0\u00a0\u00a0 <strong>nuova uscita\u00a0 per Ancona<\/strong> (35km\u2013\u00a0\u00a0 itinerario consigliabile)\u00a0\u00a0\u00a0\u00a0\u00a0\u00a0\u00a0\u00a0\u00a0 oppure le successive\u00a0\u00a0\u00a0\u00a0\u00a0\u00a0\u00a0\u00a0\u00a0\u00a0\u00a0 per Bosco (28km.) o per Umbertide-Gubbio (25Km).<\/li>\n<li>Dal versante adriatico, uscire dall\u2019autostrada A14 ad Ancona Nord in direzione Fabriano. Superata Fabriano (40Km.) proseguire sulla statale per Gubbio.<\/li>\n<\/ul>\n<p>&nbsp;<\/p>\n<ol>\n<li>Chi proviene dalla E45 (da nord: uscita Gubbio \u2013 da sud: uscita Umbertide-Gubbio), nei pressi di Mocaiana prendere la nuova circonvallazione direzione Gubbio ed uscire a Gubbio Nord, alla rotonda prendere a dx per Gubbio Centro per circa 1km, proseguire diritto alla piccola rotonda, l\u2019albergo si trova sulla sinistra;<\/li>\n<\/ol>\n<p>&nbsp;<\/p>\n<ol>\n<li>Provenienti dalla A14 (uscita Fano): alla rotonda nei pressi di Gubbio, prendere per Gubbio Centro per circa 1km, proseguire diritto alla piccola rotonda, l\u2019albergo si trova sulla sinistra;<\/li>\n<\/ol>\n<p>&nbsp;<\/p>\n<ol>\n<li>Provenienti dalla E45 (da sud: uscita Bosco-Gubbio), in citt\u00e0 alla seconda rotonda svoltare a sinistra proseguendo diritto per circa 0,8km., alla successiva rotonda a destra e poi seguire le indicazioni.<\/li>\n<\/ol>\n<p>&nbsp;<\/p>\n<ol>\n<li>Provenienti dalla A14 (uscita Ancona-Nord) oppure dalla E45 (da sud: uscita Ancona), nei pressi di Gubbio seguire la circonvallazione e prendere l\u2019uscita per Scheggia-Impianti Sportivi (uscita successiva a Gubbio centro). Proseguire\u00a0 diritto\u00a0 alla prima ed alla successiva rotonda\u00a0\u00a0\u00a0\u00a0\u00a0\u00a0\u00a0\u00a0\u00a0\u00a0\u00a0 e poi seguire le indicazioni.<\/li>\n<\/ol>\n<p>&nbsp;<\/p>\n<h2>In Treno<\/h2>\n<p>Roma\u00a0 \u00e8 collegata con molti\u00a0 treni, chi arriva in aereo a Fiumicino o Ciampino pu\u00f2 raggiungere le\u00a0\u00a0\u00a0\u00a0\u00a0\u00a0\u00a0\u00a0\u00a0\u00a0\u00a0 stazioni Ferroviarie di Roma Tiburtina o Roma Termini con i treni che collegano i suddetti aeroporti per poter\u00a0\u00a0\u00a0 poi prendere\u00a0\u00a0 il treno per Ancona con fermata a Fossato di Vico (Pg). La stazione di\u00a0\u00a0\u00a0\u00a0\u00a0\u00a0\u00a0\u00a0\u00a0\u00a0\u00a0 <strong>Fossato di Vico-Gubbio <\/strong>\u00e8 a 18km da Gubbio sulla linea Roma-Ancona, (<u>trenitalia.com<\/u>). Qui\u00a0\u00a0\u00a0\u00a0\u00a0\u00a0 ci sar\u00e0\u00a0\u00a0\u00a0\u00a0 una navetta a\u00a0 disposizione di chi arriva in treno, chiedo di comunicare via e-mail a <u><a href=\"mailto:mattiaperciballi@libero.it\">mattiaperciballi@libero.it<\/a><\/u> entro il 25 marzo 2019 il numero di persone, il n\u00b0\u00a0\u00a0\u00a0\u00a0\u00a0\u00a0\u00a0 del treno e orario\u00a0\u00a0\u00a0\u00a0\u00a0\u00a0 di arrivo a Fossato di\u00a0\u00a0\u00a0\u00a0\u00a0 Vico (Pg).<\/p>\n<p>In alternativa\u00a0 dalla stazione\u00a0 di Fossato di Vico (Pg) sono previsti\u00a0 collegamenti\u00a0 autobus con il centro\u00a0\u00a0\u00a0\u00a0\u00a0\u00a0\u00a0\u00a0\u00a0\u00a0\u00a0 citt\u00e0 (per info: STT-IAT di Gubbio tel. 0759220693).\u00a0 In alternativa\u00a0 si pu\u00f2\u00a0 usufruire del servizio taxi (meglio prenotare: radiotaxi tel. 0759274647)<\/p>\n<p>&nbsp;<\/p>\n<h2>In Aereo<\/h2>\n<p>L\u2019aeroporto pi\u00f9 vicino \u00e8 quello di Perugia (40Km.)\u00a0 che ha voli diretti con alcune localit\u00e0 nazionali ed internazionali. Per\u00a0\u00a0\u00a0\u00a0\u00a0 ogni altra provenienza gli scali consigliati sono quelli di:<\/p>\n<p>Ancona-Falconara (km.100 ca.);\u00a0\u00a0\u00a0\u00a0\u00a0\u00a0 Roma-Fiumicino (km. 230 ca.) o Roma-Ciampino (Km.220\u00a0 ca.) Firenze-Peretola (km. 190 ca.). Altri\u00a0 possibili scali sono: Bologna\u00a0 (km.\u00a0\u00a0\u00a0\u00a0 240), Rimini (Km130), Forl\u00ec (165km.) e Pisa (Km.\u00a0 260).<\/p>\n<p><strong>\u00a0\u00a0\u00a0\u00a0\u00a0\u00a0\u00a0\u00a0\u00a0\u00a0 <\/strong><\/p>\n<p><strong>AEROPORTO\u00a0 PIU\u2019\u00a0\u00a0\u00a0\u00a0 VICINO<\/strong><\/p>\n<table width=\"606\">\n<tbody>\n<tr>\n<td width=\"378\"><strong>Aeroporto San Francesco d\u2019Assisi, Perugia\u00a0\u00a0\u00a0\u00a0\u00a0\u00a0\u00a0\u00a0\u00a0\u00a0\u00a0\u00a0 <\/strong><\/p>\n<p>&nbsp;<\/p>\n<p><strong>AEROPORTI\u00a0\u00a0\u00a0 NEL\u00a0\u00a0\u00a0\u00a0\u00a0 RAGGIO DI\u00a0\u00a0\u00a0\u00a0\u00a0 95\/130km\u00a0\u00a0\u00a0\u00a0\u00a0\u00a0 <\/strong><\/td>\n<td width=\"47\">&nbsp;<\/td>\n<td width=\"181\">(<u>www.airport.umbria.it<\/u>)<\/td>\n<\/tr>\n<tr>\n<td width=\"378\"><strong>Aeroporto Raffaello Sanzio, Ancona\u00a0\u00a0\u00a0\u00a0\u00a0\u00a0\u00a0\u00a0\u00a0\u00a0\u00a0\u00a0\u00a0\u00a0\u00a0\u00a0\u00a0\u00a0\u00a0\u00a0\u00a0\u00a0\u00a0 <\/strong><\/td>\n<td width=\"47\"><strong>\u00a0\u00a0\u00a0\u00a0\u00a0\u00a0\u00a0\u00a0\u00a0\u00a0\u00a0 <\/strong><\/td>\n<td width=\"181\"><strong>(<\/strong><u>www.ancona-airport.com<\/u><strong>)<\/strong><\/td>\n<\/tr>\n<tr>\n<td width=\"378\"><strong>Aeroporto Federico Fellini, Rimini\u00a0\u00a0\u00a0\u00a0\u00a0\u00a0\u00a0\u00a0\u00a0\u00a0\u00a0\u00a0\u00a0\u00a0\u00a0\u00a0\u00a0\u00a0\u00a0\u00a0\u00a0\u00a0\u00a0\u00a0\u00a0\u00a0\u00a0\u00a0\u00a0\u00a0\u00a0\u00a0\u00a0\u00a0\u00a0\u00a0\u00a0\u00a0 <\/strong><\/p>\n<p><strong>\u00a0\u00a0\u00a0\u00a0\u00a0\u00a0\u00a0\u00a0\u00a0\u00a0\u00a0 <\/strong><\/p>\n<p><strong>ALTRI\u00a0 AEROPORTI\u00a0\u00a0\u00a0 <\/strong><\/td>\n<td width=\"47\"><strong>\u00a0\u00a0\u00a0\u00a0\u00a0\u00a0\u00a0\u00a0\u00a0\u00a0\u00a0 <\/strong><\/td>\n<td width=\"181\">(<u>www.riminiairport.com<\/u>)<\/td>\n<\/tr>\n<tr>\n<td width=\"378\"><strong>Aeroporto Leonardo da Vinci, Fiumicino \u2013 Roma\u00a0 <\/strong><\/td>\n<td width=\"47\"><strong>\u00a0\u00a0\u00a0\u00a0\u00a0\u00a0\u00a0\u00a0\u00a0\u00a0\u00a0 <\/strong><\/td>\n<td width=\"181\"><strong>(<\/strong><u>www.adr.it<\/u><strong>)\u00a0\u00a0\u00a0\u00a0\u00a0\u00a0\u00a0\u00a0\u00a0\u00a0\u00a0\u00a0\u00a0\u00a0 <\/strong><\/td>\n<\/tr>\n<tr>\n<td width=\"378\"><strong>Aeroporto G.B. Pastine, Ciampino \u2013 Roma\u00a0\u00a0\u00a0\u00a0\u00a0\u00a0\u00a0\u00a0\u00a0\u00a0\u00a0\u00a0 <\/strong><\/td>\n<td width=\"47\"><strong>\u00a0\u00a0\u00a0\u00a0\u00a0\u00a0\u00a0\u00a0\u00a0\u00a0\u00a0 <\/strong><\/td>\n<td width=\"181\"><strong>(<\/strong><u>www.adr.it<\/u><strong>)\u00a0\u00a0\u00a0\u00a0\u00a0\u00a0\u00a0\u00a0\u00a0\u00a0\u00a0\u00a0\u00a0\u00a0 <\/strong><\/td>\n<\/tr>\n<tr>\n<td width=\"378\"><strong>Aeroporto G. Marconi, Bologna\u00a0\u00a0\u00a0\u00a0\u00a0\u00a0\u00a0\u00a0\u00a0\u00a0\u00a0\u00a0\u00a0\u00a0\u00a0\u00a0\u00a0\u00a0\u00a0\u00a0\u00a0\u00a0\u00a0\u00a0\u00a0\u00a0\u00a0\u00a0\u00a0\u00a0 <\/strong><\/td>\n<td width=\"47\"><strong>\u00a0\u00a0\u00a0\u00a0\u00a0\u00a0\u00a0\u00a0\u00a0\u00a0\u00a0 <\/strong><\/td>\n<td width=\"181\"><strong>(<\/strong><u>www.bologna-airport.it<\/u><strong>)<\/strong><\/td>\n<\/tr>\n<tr>\n<td width=\"378\"><strong>Aeroporto L. Ridolfi, Forl\u00ec <\/strong><\/td>\n<td width=\"47\"><strong>\u00a0\u00a0\u00a0\u00a0\u00a0\u00a0\u00a0\u00a0\u00a0\u00a0\u00a0 <\/strong><\/td>\n<td width=\"181\"><strong>(<\/strong><u>www.forliairport.com<\/u><strong>)<\/strong><\/td>\n<\/tr>\n<tr>\n<td width=\"378\"><strong>Aeroporto Galileo Galilei, Pisa\u00a0\u00a0\u00a0\u00a0\u00a0\u00a0\u00a0\u00a0\u00a0\u00a0\u00a0\u00a0\u00a0\u00a0\u00a0\u00a0\u00a0\u00a0\u00a0\u00a0\u00a0\u00a0\u00a0\u00a0\u00a0\u00a0\u00a0\u00a0\u00a0\u00a0\u00a0\u00a0\u00a0\u00a0\u00a0\u00a0\u00a0\u00a0\u00a0\u00a0\u00a0\u00a0\u00a0\u00a0 \u00a0\u00a0\u00a0\u00a0\u00a0\u00a0\u00a0\u00a0\u00a0\u00a0\u00a0\u00a0\u00a0\u00a0\u00a0\u00a0\u00a0\u00a0\u00a0\u00a0\u00a0\u00a0\u00a0\u00a0\u00a0\u00a0\u00a0\u00a0\u00a0\u00a0\u00a0\u00a0\u00a0\u00a0\u00a0\u00a0\u00a0\u00a0\u00a0\u00a0\u00a0\u00a0\u00a0\u00a0\u00a0\u00a0\u00a0\u00a0\u00a0\u00a0\u00a0\u00a0\u00a0\u00a0\u00a0\u00a0\u00a0\u00a0\u00a0\u00a0\u00a0\u00a0\u00a0\u00a0\u00a0\u00a0\u00a0\u00a0\u00a0\u00a0 <\/strong><\/td>\n<td width=\"47\"><strong>\u00a0\u00a0\u00a0\u00a0\u00a0\u00a0\u00a0\u00a0\u00a0\u00a0\u00a0 <\/strong><\/td>\n<td width=\"181\">(www.pisa-airport.com)<\/td>\n<\/tr>\n<\/tbody>\n<\/table>\n<p>&nbsp;<\/p>\n<h2>Principali distanze da luoghi d&#8217;interesse<\/h2>\n<p><strong>ANCONA <\/strong>113 Km \u2013 <strong>AREZZO <\/strong>90 Km \u2013 <strong>ASSISI <\/strong>35 Km \u2013 <strong>BOLOGNA <\/strong>243 Km \u2013 <strong>CESENA <\/strong>150 Km &#8211;<\/p>\n<p><strong>FANO <\/strong>80 Km \u2013 <strong>FIRENZE <\/strong>167 Km \u2013 <strong>FORL\u00cc <\/strong>179 Km \u2013 <strong>MILANO <\/strong>457 Km \u2013 <strong>ORTE <\/strong>130 Km \u2013<\/p>\n<p><strong>PERUGIA <\/strong>40 Km \u2013 <strong>PISA <\/strong>249 Km \u2013 <strong>RIMINI <\/strong>130 Km \u2013 <strong>ROMA <\/strong>200 Km \u2013 <strong>SIENA <\/strong>155 Km \u2013<\/p>\n<ol>\n<li><strong> MARINO <\/strong>120 Km \u2013 <strong>SPOLETO <\/strong>70 Km \u2013 <strong>TERNI <\/strong>116 Km \u2013 <strong>TODI <\/strong>75 Km \u2013 <strong>URBINO <\/strong>60 Km<\/li>\n<\/ol>\n<p>&nbsp;<\/p>\n<p><strong>\u00a0\u00a0\u00a0\u00a0\u00a0\u00a0\u00a0\u00a0 <\/strong><\/p>\n<p>&nbsp;<\/p>\n","protected":false},"excerpt":{"rendered":"<p>Programma Concorso Nazionale A.B.I. Professional Gubbio \u2013 Park Hotel Cappuccini 31 marzo \u2013 1\/2\/3 aprile 2019 &nbsp; Domenica 31 marzo 2019 &nbsp; Entro le ore 14:00 Arrivo dei delegati e&#8230;<\/p>\n","protected":false},"author":1,"featured_media":0,"parent":0,"menu_order":0,"comment_status":"closed","ping_status":"closed","template":"","meta":{"_acf_changed":false,"footnotes":""},"class_list":["post-5226","page","type-page","status-publish","hentry"],"acf":{"post_carousel_cover":null},"yoast_head":"<!-- This site is optimized with the Yoast SEO plugin v26.6 - https:\/\/yoast.com\/wordpress\/plugins\/seo\/ -->\n<title>Programma Concorso Nazionale 2019 - A.B.I. Professional - Associazione Barmen Italiani<\/title>\n<meta name=\"robots\" content=\"index, follow, max-snippet:-1, max-image-preview:large, max-video-preview:-1\" \/>\n<link rel=\"canonical\" href=\"https:\/\/www.abiprofessional.it\/index.php\/programma-concorso-nazionale-2019\/\" \/>\n<meta property=\"og:locale\" content=\"it_IT\" \/>\n<meta property=\"og:type\" content=\"article\" \/>\n<meta property=\"og:title\" content=\"Programma Concorso Nazionale 2019 - A.B.I. Professional - Associazione Barmen Italiani\" \/>\n<meta property=\"og:description\" content=\"Programma Concorso Nazionale A.B.I. Professional Gubbio \u2013 Park Hotel Cappuccini 31 marzo \u2013 1\/2\/3 aprile 2019 &nbsp; Domenica 31 marzo 2019 &nbsp; Entro le ore 14:00 Arrivo dei delegati e...\" \/>\n<meta property=\"og:url\" content=\"https:\/\/www.abiprofessional.it\/index.php\/programma-concorso-nazionale-2019\/\" \/>\n<meta property=\"og:site_name\" content=\"A.B.I. Professional - Associazione Barmen Italiani\" \/>\n<meta property=\"article:publisher\" content=\"https:\/\/www.facebook.com\/A.B.I.Professional\" \/>\n<meta property=\"og:image\" content=\"https:\/\/www.abiprofessional.it\/wp-content\/uploads\/2025\/07\/abi_professional_logo.png\" \/>\n\t<meta property=\"og:image:width\" content=\"455\" \/>\n\t<meta property=\"og:image:height\" content=\"540\" \/>\n\t<meta property=\"og:image:type\" content=\"image\/png\" \/>\n<meta name=\"twitter:card\" content=\"summary_large_image\" \/>\n<meta name=\"twitter:site\" content=\"@abiprofessional\" \/>\n<meta name=\"twitter:label1\" content=\"Tempo di lettura stimato\" \/>\n\t<meta name=\"twitter:data1\" content=\"6 minuti\" \/>\n<script type=\"application\/ld+json\" class=\"yoast-schema-graph\">{\"@context\":\"https:\/\/schema.org\",\"@graph\":[{\"@type\":\"WebPage\",\"@id\":\"https:\/\/www.abiprofessional.it\/index.php\/programma-concorso-nazionale-2019\/\",\"url\":\"https:\/\/www.abiprofessional.it\/index.php\/programma-concorso-nazionale-2019\/\",\"name\":\"Programma Concorso Nazionale 2019 - A.B.I. Professional - Associazione Barmen Italiani\",\"isPartOf\":{\"@id\":\"https:\/\/www.abiprofessional.it\/#website\"},\"datePublished\":\"2019-01-24T20:08:55+00:00\",\"breadcrumb\":{\"@id\":\"https:\/\/www.abiprofessional.it\/index.php\/programma-concorso-nazionale-2019\/#breadcrumb\"},\"inLanguage\":\"it-IT\",\"potentialAction\":[{\"@type\":\"ReadAction\",\"target\":[\"https:\/\/www.abiprofessional.it\/index.php\/programma-concorso-nazionale-2019\/\"]}]},{\"@type\":\"BreadcrumbList\",\"@id\":\"https:\/\/www.abiprofessional.it\/index.php\/programma-concorso-nazionale-2019\/#breadcrumb\",\"itemListElement\":[{\"@type\":\"ListItem\",\"position\":1,\"name\":\"Home\",\"item\":\"https:\/\/www.abiprofessional.it\/\"},{\"@type\":\"ListItem\",\"position\":2,\"name\":\"Programma Concorso Nazionale 2019\"}]},{\"@type\":\"WebSite\",\"@id\":\"https:\/\/www.abiprofessional.it\/#website\",\"url\":\"https:\/\/www.abiprofessional.it\/\",\"name\":\"A.B.I. Professional - Associazione Barmen Italiani\",\"description\":\"Associazione Barmen Italiani - Professionisti del bartending\",\"publisher\":{\"@id\":\"https:\/\/www.abiprofessional.it\/#organization\"},\"alternateName\":\"ABI Professional\",\"potentialAction\":[{\"@type\":\"SearchAction\",\"target\":{\"@type\":\"EntryPoint\",\"urlTemplate\":\"https:\/\/www.abiprofessional.it\/?s={search_term_string}\"},\"query-input\":{\"@type\":\"PropertyValueSpecification\",\"valueRequired\":true,\"valueName\":\"search_term_string\"}}],\"inLanguage\":\"it-IT\"},{\"@type\":\"Organization\",\"@id\":\"https:\/\/www.abiprofessional.it\/#organization\",\"name\":\"A.B.I. Professional - Associazione Barmen Italiani\",\"url\":\"https:\/\/www.abiprofessional.it\/\",\"logo\":{\"@type\":\"ImageObject\",\"inLanguage\":\"it-IT\",\"@id\":\"https:\/\/www.abiprofessional.it\/#\/schema\/logo\/image\/\",\"url\":\"https:\/\/www.abiprofessional.it\/wp-content\/uploads\/2025\/07\/abi_professional_logo.png\",\"contentUrl\":\"https:\/\/www.abiprofessional.it\/wp-content\/uploads\/2025\/07\/abi_professional_logo.png\",\"width\":455,\"height\":540,\"caption\":\"A.B.I. Professional - Associazione Barmen Italiani\"},\"image\":{\"@id\":\"https:\/\/www.abiprofessional.it\/#\/schema\/logo\/image\/\"},\"sameAs\":[\"https:\/\/www.facebook.com\/A.B.I.Professional\",\"https:\/\/x.com\/abiprofessional\",\"https:\/\/www.linkedin.com\/in\/abi-professional-9201a8b3\/\",\"https:\/\/www.youtube.com\/channel\/UC2es0RiCRBVNTtG52_cL9aQ\"]}]}<\/script>\n<!-- \/ Yoast SEO plugin. -->","yoast_head_json":{"title":"Programma Concorso Nazionale 2019 - A.B.I. Professional - Associazione Barmen Italiani","robots":{"index":"index","follow":"follow","max-snippet":"max-snippet:-1","max-image-preview":"max-image-preview:large","max-video-preview":"max-video-preview:-1"},"canonical":"https:\/\/www.abiprofessional.it\/index.php\/programma-concorso-nazionale-2019\/","og_locale":"it_IT","og_type":"article","og_title":"Programma Concorso Nazionale 2019 - A.B.I. Professional - Associazione Barmen Italiani","og_description":"Programma Concorso Nazionale A.B.I. Professional Gubbio \u2013 Park Hotel Cappuccini 31 marzo \u2013 1\/2\/3 aprile 2019 &nbsp; Domenica 31 marzo 2019 &nbsp; Entro le ore 14:00 Arrivo dei delegati e...","og_url":"https:\/\/www.abiprofessional.it\/index.php\/programma-concorso-nazionale-2019\/","og_site_name":"A.B.I. Professional - Associazione Barmen Italiani","article_publisher":"https:\/\/www.facebook.com\/A.B.I.Professional","og_image":[{"width":455,"height":540,"url":"https:\/\/www.abiprofessional.it\/wp-content\/uploads\/2025\/07\/abi_professional_logo.png","type":"image\/png"}],"twitter_card":"summary_large_image","twitter_site":"@abiprofessional","twitter_misc":{"Tempo di lettura stimato":"6 minuti"},"schema":{"@context":"https:\/\/schema.org","@graph":[{"@type":"WebPage","@id":"https:\/\/www.abiprofessional.it\/index.php\/programma-concorso-nazionale-2019\/","url":"https:\/\/www.abiprofessional.it\/index.php\/programma-concorso-nazionale-2019\/","name":"Programma Concorso Nazionale 2019 - A.B.I. Professional - Associazione Barmen Italiani","isPartOf":{"@id":"https:\/\/www.abiprofessional.it\/#website"},"datePublished":"2019-01-24T20:08:55+00:00","breadcrumb":{"@id":"https:\/\/www.abiprofessional.it\/index.php\/programma-concorso-nazionale-2019\/#breadcrumb"},"inLanguage":"it-IT","potentialAction":[{"@type":"ReadAction","target":["https:\/\/www.abiprofessional.it\/index.php\/programma-concorso-nazionale-2019\/"]}]},{"@type":"BreadcrumbList","@id":"https:\/\/www.abiprofessional.it\/index.php\/programma-concorso-nazionale-2019\/#breadcrumb","itemListElement":[{"@type":"ListItem","position":1,"name":"Home","item":"https:\/\/www.abiprofessional.it\/"},{"@type":"ListItem","position":2,"name":"Programma Concorso Nazionale 2019"}]},{"@type":"WebSite","@id":"https:\/\/www.abiprofessional.it\/#website","url":"https:\/\/www.abiprofessional.it\/","name":"A.B.I. Professional - Associazione Barmen Italiani","description":"Associazione Barmen Italiani - Professionisti del bartending","publisher":{"@id":"https:\/\/www.abiprofessional.it\/#organization"},"alternateName":"ABI Professional","potentialAction":[{"@type":"SearchAction","target":{"@type":"EntryPoint","urlTemplate":"https:\/\/www.abiprofessional.it\/?s={search_term_string}"},"query-input":{"@type":"PropertyValueSpecification","valueRequired":true,"valueName":"search_term_string"}}],"inLanguage":"it-IT"},{"@type":"Organization","@id":"https:\/\/www.abiprofessional.it\/#organization","name":"A.B.I. Professional - Associazione Barmen Italiani","url":"https:\/\/www.abiprofessional.it\/","logo":{"@type":"ImageObject","inLanguage":"it-IT","@id":"https:\/\/www.abiprofessional.it\/#\/schema\/logo\/image\/","url":"https:\/\/www.abiprofessional.it\/wp-content\/uploads\/2025\/07\/abi_professional_logo.png","contentUrl":"https:\/\/www.abiprofessional.it\/wp-content\/uploads\/2025\/07\/abi_professional_logo.png","width":455,"height":540,"caption":"A.B.I. Professional - Associazione Barmen Italiani"},"image":{"@id":"https:\/\/www.abiprofessional.it\/#\/schema\/logo\/image\/"},"sameAs":["https:\/\/www.facebook.com\/A.B.I.Professional","https:\/\/x.com\/abiprofessional","https:\/\/www.linkedin.com\/in\/abi-professional-9201a8b3\/","https:\/\/www.youtube.com\/channel\/UC2es0RiCRBVNTtG52_cL9aQ"]}]}},"_links":{"self":[{"href":"https:\/\/www.abiprofessional.it\/index.php\/wp-json\/wp\/v2\/pages\/5226","targetHints":{"allow":["GET"]}}],"collection":[{"href":"https:\/\/www.abiprofessional.it\/index.php\/wp-json\/wp\/v2\/pages"}],"about":[{"href":"https:\/\/www.abiprofessional.it\/index.php\/wp-json\/wp\/v2\/types\/page"}],"author":[{"embeddable":true,"href":"https:\/\/www.abiprofessional.it\/index.php\/wp-json\/wp\/v2\/users\/1"}],"replies":[{"embeddable":true,"href":"https:\/\/www.abiprofessional.it\/index.php\/wp-json\/wp\/v2\/comments?post=5226"}],"version-history":[{"count":0,"href":"https:\/\/www.abiprofessional.it\/index.php\/wp-json\/wp\/v2\/pages\/5226\/revisions"}],"wp:attachment":[{"href":"https:\/\/www.abiprofessional.it\/index.php\/wp-json\/wp\/v2\/media?parent=5226"}],"curies":[{"name":"wp","href":"https:\/\/api.w.org\/{rel}","templated":true}]}}