{"id":5004,"date":"2018-03-17T15:13:40","date_gmt":"2018-03-17T14:13:40","guid":{"rendered":"http:\/\/www.abiprofessional.it\/?page_id=5004"},"modified":"2018-03-17T15:13:40","modified_gmt":"2018-03-17T14:13:40","slug":"regolamento-concorso-umberto-caselli","status":"publish","type":"page","link":"https:\/\/www.abiprofessional.it\/index.php\/regolamento-concorso-umberto-caselli\/","title":{"rendered":"Regolamento Concorso Umberto Caselli"},"content":{"rendered":"<h4><strong><span style=\"color: #0000ff;\">REGOLAMENTO CONCORSO UMBERTO CASELLI\u00a0 \u00a0 \u00a0 \u00a0 \u00a0 \u00a0 \u00a0 \u00a0 \u00a0 \u00a0 \u00a0 \u00a0 \u00a0 \u00a0 \u00a0 \u00a0 \u00a0 \u00a0 \u00a0 \u00a0 \u00a0 \u00a0 \u00a0 \u00a0 \u00a0 \u00a0 \u00a0 \u00a0 \u00a0 \u00a0 <a href=\"https:\/\/www.abiprofessional.it\/wp-content\/uploads\/2022\/02\/REGOLAMENTO-CONCORSO-U-CASELLI-.2022.pdf\">\u00a0\u00a0<span style=\"color: #800000;\">SCARICA IL PDF<\/span><\/a><\/span><\/strong><br \/>\nCARATTERISTICHE DEI PARTECIPANTI: aperto a tutti i professionisti e gestori di locali di qualsiasi associazione o non associati. Le aziende Sponsor hanno la possibilit\u00e0 di invitare Bartender o gestori di locali, loro clienti.<br \/>\nOBIETTIVO DEL CONCORSO: misurare le capacit\u00e0 di miscelare, di creativit\u00e0 e di esperienza del barman, a creare un drink estemporaneamente tenendo conto esclusivamente dell\u2019aspetto, del gusto olfattivo ed organolettico, del bilanciamento dei prodotti di qualit\u00e0 messi in palio dalle aziende Sponsor. Per questo motivo non vengono presi in considerazione l\u2019aspetto tecnico di preparazione e la decorazione. In altre parole si misura la capacit\u00e0 del professionista a creare un drink su un prodotto particolare quando richiesto. In questo modo si premia la capacit\u00e0 di conoscenza dei prodotti, la sensibilit\u00e0 al gusto e la creativit\u00e0, caratteristiche peculiari di un bravo professionista.<br \/>\nLa difficolt\u00e0 \u00e8 valutata nei tempi ristretti di elaborazione della ricetta e di esecuzione.<br \/>\nREGOLAMENTO CONCORRENTI<br \/>\n\uf0a7 Il Concorso Umberto Caselli avr\u00e0 inizio successivamente al Concorso A.B.I. Professional.<br \/>\n\uf0a7 Iscrizione presso il desk A.B.I. Professional all\u2019ora di inizio del concorso regionale o nazionale, quello riservato ai soci, dove verr\u00e0 consegnato un modulo ricetta da compilare. I tempi di iscrizione avranno durata di 60 minuti al termine dei quali si effettuer\u00e0 il sorteggio dei prodotti delle aziende messi in palio con l\u2019abbinamento ai vari concorrenti.<br \/>\n\uf0a7 Ad ogni concorrente verr\u00e0 estratto a sorte un prodotto del paniere delle aziende Sponsor e dovr\u00e0 elaborare una ricetta che ne esalti le sue peculiarit\u00e0. A partire dall\u2019estrazione egli potr\u00e0 creare la ricetta visitando i vari desk espositivi delle aziende, chiedendo informazioni e degustando il prodotto selezionato cos\u00ec come tutti gli altri messi a disposizione dagli Sponsor per completare la ricetta. Dovranno essere utilizzati unicamente i prodotti delle aziende Sponsor partecipanti che saranno esposti negli appositi desk.<br \/>\n\uf0a7 Il numero di uscita da posizionare sul bicchiere sar\u00e0 attribuito prima dell\u2019ingresso in pedana e il concorrente trover\u00e0 sulla bottigliera tutti i prodotti degli Sponsor.<br \/>\n\uf0a7 La ricetta dovr\u00e0 essere un Fancy drink con un massimo di 6 ingredienti comprese le gocce e ingredienti solidi posti all\u2019interno del drink.<br \/>\n\uf0a7 Ogni concorrente dovr\u00e0 munirsi di proprie attrezzature di miscelazione e di 2 bicchieri Fancy. Hanno la possibilit\u00e0 di portarsi Bitters aromatizzanti qualora non fossero presenti negli Sponsor e ingredienti alimentari solidi da poter inserire come ingredienti nel drink.<br \/>\n\uf0a7 Succhi di frutta e bibite saranno messi a disposizione dall\u2019organizzazione qualora non fossero presenti come Sponsor.<br \/>\n\uf0a7 L\u2019organizzazione metter\u00e0 a disposizione anche lime, limoni, arance, pompelmi per poterli utilizzare spremuti, nonch\u00e9 zucchero semolato e in sciroppo.<br \/>\n\uf0a7 Gli Sponsor saranno suddivisi in modo paritetico con i concorrenti iscritti.<br \/>\n\uf0a7 Il concorrente dovr\u00e0 preparare 2 cocktail nel tempo di 3 minuti.<br \/>\n\uf0a7 Al Concorso Umberto Caselli non potranno partecipare i finalisti del Concorso nazionale A.B.I. Professional.<br \/>\n\uf0a7 Il numero dei concorrenti partecipanti sar\u00e0 deciso dal Direttore del Concorso in merito alla disponibilit\u00e0 dell\u2019evento. Il numero massimo sar\u00e0 di 50 concorrenti. Saranno accettati in ordine cronologico i primi iscritti.<br \/>\n\uf0a7 I concorrenti dovranno presentarsi con la propria divisa di lavoro oppure divisa Sociale Associativa e in modo decoroso, per via delle norme H.A.C.C.P. igienico sanitarie, avere capelli, barba e mani ben curate. Il Direttore del Concorso potr\u00e0 rifiutare, per questi motivi, la partecipazione alla gara a coloro che non saranno in linea.<br \/>\nPREMIAZIONI<br \/>\n\uf0a7 Sara premiata la ricetta che ricever\u00e0 il massimo punteggio (premio Istituzionale)<br \/>\n\uf0a7 Saranno anche premiati dalle aziende i concorrenti che otterranno i migliori punteggi per ogni Sponsor. (il numero dipender\u00e0 dai premi messi a disposizione dagli Sponsor)<br \/>\n\uf0a7 Il 1\u00b0 classificato al Concorso Nazionale Umberto Caselli verr\u00e0 invitato e ospitato da A.B.I. Professional al Convegno Nazionale dell\u2019anno successivo.<br \/>\nGIURIA<br \/>\n\uf0a7 Sar\u00e0 composta da Barman e membri del pubblico selezionati. Sar\u00e0 posta in una sala nascosta e composta da 4 persone che assaggeranno con una cannuccia.<br \/>\n\uf0a7 Ognuno dei 4 giudici potr\u00e0 dare un punteggio sul gusto\/aroma\/profumo\/equilibrio da 5 a 20.<br \/>\n\uf0a7 Non vi sar\u00e0 Giuria tecnica e di decorazione, ma solo assistenza in pedana.<br \/>\n\uf0a7 La Giuria di degustazione verr\u00e0 cambiata ogni 25 concorrenti.<br \/>\n\uf0a7 Al Concorso Nazionale sar\u00e0 presente per tutta la durata un Consigliere nazionale o incaricato per istruire la giuria all\u2019uniformit\u00e0 di giudizio.<br \/>\nNOTE FINALI<br \/>\nL\u2019organizzazione A.B.I. Professional dovr\u00e0 tenere pronto un elenco degli Sponsor presenti e dei loro prodotti esposti e, in eventuale accordo con le aziende, effettuare il sorteggio di prodotti particolari che le aziende vogliono promuovere per inserirli come obbligatori durante il sorteggio.<\/h4>\n","protected":false},"excerpt":{"rendered":"<p>REGOLAMENTO CONCORSO UMBERTO CASELLI\u00a0 \u00a0 \u00a0 \u00a0 \u00a0 \u00a0 \u00a0 \u00a0 \u00a0 \u00a0 \u00a0 \u00a0 \u00a0 \u00a0 \u00a0 \u00a0 \u00a0 \u00a0 \u00a0 \u00a0 \u00a0 \u00a0 \u00a0 \u00a0 \u00a0 \u00a0 \u00a0&#8230;<\/p>\n","protected":false},"author":1,"featured_media":0,"parent":0,"menu_order":0,"comment_status":"closed","ping_status":"closed","template":"","meta":{"_acf_changed":false,"footnotes":""},"class_list":["post-5004","page","type-page","status-publish","hentry"],"acf":{"post_carousel_cover":null},"yoast_head":"<!-- This site is optimized with the Yoast SEO plugin v26.6 - https:\/\/yoast.com\/wordpress\/plugins\/seo\/ -->\n<title>Regolamento Concorso Umberto Caselli - A.B.I. Professional - Associazione Barmen Italiani<\/title>\n<meta name=\"robots\" content=\"index, follow, max-snippet:-1, max-image-preview:large, max-video-preview:-1\" \/>\n<link rel=\"canonical\" href=\"https:\/\/www.abiprofessional.it\/index.php\/regolamento-concorso-umberto-caselli\/\" \/>\n<meta property=\"og:locale\" content=\"it_IT\" \/>\n<meta property=\"og:type\" content=\"article\" \/>\n<meta property=\"og:title\" content=\"Regolamento Concorso Umberto Caselli - A.B.I. Professional - Associazione Barmen Italiani\" \/>\n<meta property=\"og:description\" content=\"REGOLAMENTO CONCORSO UMBERTO CASELLI\u00a0 \u00a0 \u00a0 \u00a0 \u00a0 \u00a0 \u00a0 \u00a0 \u00a0 \u00a0 \u00a0 \u00a0 \u00a0 \u00a0 \u00a0 \u00a0 \u00a0 \u00a0 \u00a0 \u00a0 \u00a0 \u00a0 \u00a0 \u00a0 \u00a0 \u00a0 \u00a0...\" \/>\n<meta property=\"og:url\" content=\"https:\/\/www.abiprofessional.it\/index.php\/regolamento-concorso-umberto-caselli\/\" \/>\n<meta property=\"og:site_name\" content=\"A.B.I. Professional - Associazione Barmen Italiani\" \/>\n<meta property=\"article:publisher\" content=\"https:\/\/www.facebook.com\/A.B.I.Professional\" \/>\n<meta property=\"og:image\" content=\"https:\/\/www.abiprofessional.it\/wp-content\/uploads\/2025\/07\/abi_professional_logo.png\" \/>\n\t<meta property=\"og:image:width\" content=\"455\" \/>\n\t<meta property=\"og:image:height\" content=\"540\" \/>\n\t<meta property=\"og:image:type\" content=\"image\/png\" \/>\n<meta name=\"twitter:card\" content=\"summary_large_image\" \/>\n<meta name=\"twitter:site\" content=\"@abiprofessional\" \/>\n<meta name=\"twitter:label1\" content=\"Tempo di lettura stimato\" \/>\n\t<meta name=\"twitter:data1\" content=\"4 minuti\" \/>\n<script type=\"application\/ld+json\" class=\"yoast-schema-graph\">{\"@context\":\"https:\/\/schema.org\",\"@graph\":[{\"@type\":\"WebPage\",\"@id\":\"https:\/\/www.abiprofessional.it\/index.php\/regolamento-concorso-umberto-caselli\/\",\"url\":\"https:\/\/www.abiprofessional.it\/index.php\/regolamento-concorso-umberto-caselli\/\",\"name\":\"Regolamento Concorso Umberto Caselli - A.B.I. Professional - Associazione Barmen Italiani\",\"isPartOf\":{\"@id\":\"https:\/\/www.abiprofessional.it\/#website\"},\"datePublished\":\"2018-03-17T14:13:40+00:00\",\"breadcrumb\":{\"@id\":\"https:\/\/www.abiprofessional.it\/index.php\/regolamento-concorso-umberto-caselli\/#breadcrumb\"},\"inLanguage\":\"it-IT\",\"potentialAction\":[{\"@type\":\"ReadAction\",\"target\":[\"https:\/\/www.abiprofessional.it\/index.php\/regolamento-concorso-umberto-caselli\/\"]}]},{\"@type\":\"BreadcrumbList\",\"@id\":\"https:\/\/www.abiprofessional.it\/index.php\/regolamento-concorso-umberto-caselli\/#breadcrumb\",\"itemListElement\":[{\"@type\":\"ListItem\",\"position\":1,\"name\":\"Home\",\"item\":\"https:\/\/www.abiprofessional.it\/\"},{\"@type\":\"ListItem\",\"position\":2,\"name\":\"Regolamento Concorso Umberto Caselli\"}]},{\"@type\":\"WebSite\",\"@id\":\"https:\/\/www.abiprofessional.it\/#website\",\"url\":\"https:\/\/www.abiprofessional.it\/\",\"name\":\"A.B.I. Professional - Associazione Barmen Italiani\",\"description\":\"Associazione Barmen Italiani - Professionisti del bartending\",\"publisher\":{\"@id\":\"https:\/\/www.abiprofessional.it\/#organization\"},\"alternateName\":\"ABI Professional\",\"potentialAction\":[{\"@type\":\"SearchAction\",\"target\":{\"@type\":\"EntryPoint\",\"urlTemplate\":\"https:\/\/www.abiprofessional.it\/?s={search_term_string}\"},\"query-input\":{\"@type\":\"PropertyValueSpecification\",\"valueRequired\":true,\"valueName\":\"search_term_string\"}}],\"inLanguage\":\"it-IT\"},{\"@type\":\"Organization\",\"@id\":\"https:\/\/www.abiprofessional.it\/#organization\",\"name\":\"A.B.I. Professional - Associazione Barmen Italiani\",\"url\":\"https:\/\/www.abiprofessional.it\/\",\"logo\":{\"@type\":\"ImageObject\",\"inLanguage\":\"it-IT\",\"@id\":\"https:\/\/www.abiprofessional.it\/#\/schema\/logo\/image\/\",\"url\":\"https:\/\/www.abiprofessional.it\/wp-content\/uploads\/2025\/07\/abi_professional_logo.png\",\"contentUrl\":\"https:\/\/www.abiprofessional.it\/wp-content\/uploads\/2025\/07\/abi_professional_logo.png\",\"width\":455,\"height\":540,\"caption\":\"A.B.I. Professional - Associazione Barmen Italiani\"},\"image\":{\"@id\":\"https:\/\/www.abiprofessional.it\/#\/schema\/logo\/image\/\"},\"sameAs\":[\"https:\/\/www.facebook.com\/A.B.I.Professional\",\"https:\/\/x.com\/abiprofessional\",\"https:\/\/www.linkedin.com\/in\/abi-professional-9201a8b3\/\",\"https:\/\/www.youtube.com\/channel\/UC2es0RiCRBVNTtG52_cL9aQ\"]}]}<\/script>\n<!-- \/ Yoast SEO plugin. -->","yoast_head_json":{"title":"Regolamento Concorso Umberto Caselli - A.B.I. Professional - Associazione Barmen Italiani","robots":{"index":"index","follow":"follow","max-snippet":"max-snippet:-1","max-image-preview":"max-image-preview:large","max-video-preview":"max-video-preview:-1"},"canonical":"https:\/\/www.abiprofessional.it\/index.php\/regolamento-concorso-umberto-caselli\/","og_locale":"it_IT","og_type":"article","og_title":"Regolamento Concorso Umberto Caselli - A.B.I. Professional - Associazione Barmen Italiani","og_description":"REGOLAMENTO CONCORSO UMBERTO CASELLI\u00a0 \u00a0 \u00a0 \u00a0 \u00a0 \u00a0 \u00a0 \u00a0 \u00a0 \u00a0 \u00a0 \u00a0 \u00a0 \u00a0 \u00a0 \u00a0 \u00a0 \u00a0 \u00a0 \u00a0 \u00a0 \u00a0 \u00a0 \u00a0 \u00a0 \u00a0 \u00a0...","og_url":"https:\/\/www.abiprofessional.it\/index.php\/regolamento-concorso-umberto-caselli\/","og_site_name":"A.B.I. Professional - Associazione Barmen Italiani","article_publisher":"https:\/\/www.facebook.com\/A.B.I.Professional","og_image":[{"width":455,"height":540,"url":"https:\/\/www.abiprofessional.it\/wp-content\/uploads\/2025\/07\/abi_professional_logo.png","type":"image\/png"}],"twitter_card":"summary_large_image","twitter_site":"@abiprofessional","twitter_misc":{"Tempo di lettura stimato":"4 minuti"},"schema":{"@context":"https:\/\/schema.org","@graph":[{"@type":"WebPage","@id":"https:\/\/www.abiprofessional.it\/index.php\/regolamento-concorso-umberto-caselli\/","url":"https:\/\/www.abiprofessional.it\/index.php\/regolamento-concorso-umberto-caselli\/","name":"Regolamento Concorso Umberto Caselli - A.B.I. Professional - Associazione Barmen Italiani","isPartOf":{"@id":"https:\/\/www.abiprofessional.it\/#website"},"datePublished":"2018-03-17T14:13:40+00:00","breadcrumb":{"@id":"https:\/\/www.abiprofessional.it\/index.php\/regolamento-concorso-umberto-caselli\/#breadcrumb"},"inLanguage":"it-IT","potentialAction":[{"@type":"ReadAction","target":["https:\/\/www.abiprofessional.it\/index.php\/regolamento-concorso-umberto-caselli\/"]}]},{"@type":"BreadcrumbList","@id":"https:\/\/www.abiprofessional.it\/index.php\/regolamento-concorso-umberto-caselli\/#breadcrumb","itemListElement":[{"@type":"ListItem","position":1,"name":"Home","item":"https:\/\/www.abiprofessional.it\/"},{"@type":"ListItem","position":2,"name":"Regolamento Concorso Umberto Caselli"}]},{"@type":"WebSite","@id":"https:\/\/www.abiprofessional.it\/#website","url":"https:\/\/www.abiprofessional.it\/","name":"A.B.I. Professional - Associazione Barmen Italiani","description":"Associazione Barmen Italiani - Professionisti del bartending","publisher":{"@id":"https:\/\/www.abiprofessional.it\/#organization"},"alternateName":"ABI Professional","potentialAction":[{"@type":"SearchAction","target":{"@type":"EntryPoint","urlTemplate":"https:\/\/www.abiprofessional.it\/?s={search_term_string}"},"query-input":{"@type":"PropertyValueSpecification","valueRequired":true,"valueName":"search_term_string"}}],"inLanguage":"it-IT"},{"@type":"Organization","@id":"https:\/\/www.abiprofessional.it\/#organization","name":"A.B.I. Professional - Associazione Barmen Italiani","url":"https:\/\/www.abiprofessional.it\/","logo":{"@type":"ImageObject","inLanguage":"it-IT","@id":"https:\/\/www.abiprofessional.it\/#\/schema\/logo\/image\/","url":"https:\/\/www.abiprofessional.it\/wp-content\/uploads\/2025\/07\/abi_professional_logo.png","contentUrl":"https:\/\/www.abiprofessional.it\/wp-content\/uploads\/2025\/07\/abi_professional_logo.png","width":455,"height":540,"caption":"A.B.I. Professional - Associazione Barmen Italiani"},"image":{"@id":"https:\/\/www.abiprofessional.it\/#\/schema\/logo\/image\/"},"sameAs":["https:\/\/www.facebook.com\/A.B.I.Professional","https:\/\/x.com\/abiprofessional","https:\/\/www.linkedin.com\/in\/abi-professional-9201a8b3\/","https:\/\/www.youtube.com\/channel\/UC2es0RiCRBVNTtG52_cL9aQ"]}]}},"_links":{"self":[{"href":"https:\/\/www.abiprofessional.it\/index.php\/wp-json\/wp\/v2\/pages\/5004","targetHints":{"allow":["GET"]}}],"collection":[{"href":"https:\/\/www.abiprofessional.it\/index.php\/wp-json\/wp\/v2\/pages"}],"about":[{"href":"https:\/\/www.abiprofessional.it\/index.php\/wp-json\/wp\/v2\/types\/page"}],"author":[{"embeddable":true,"href":"https:\/\/www.abiprofessional.it\/index.php\/wp-json\/wp\/v2\/users\/1"}],"replies":[{"embeddable":true,"href":"https:\/\/www.abiprofessional.it\/index.php\/wp-json\/wp\/v2\/comments?post=5004"}],"version-history":[{"count":0,"href":"https:\/\/www.abiprofessional.it\/index.php\/wp-json\/wp\/v2\/pages\/5004\/revisions"}],"wp:attachment":[{"href":"https:\/\/www.abiprofessional.it\/index.php\/wp-json\/wp\/v2\/media?parent=5004"}],"curies":[{"name":"wp","href":"https:\/\/api.w.org\/{rel}","templated":true}]}}